emainder when 249 is divided by 232.
17
Calculate the remainder when 691 is divided by 199.
94
What is the remainder when 1219 is divided by 1214?
5
What is the remainder when 415 is divided by 8?
7
Calculate the remainder when 6 is divided by 1.
0
Calculate the remainder when 310 is divided by 66.
46
What is the remainder when 398 is divided by 283?
115
What is the remainder when 24 is divided by 5?
4
What is the remainder when 182 is divided by 20?
2
Calculate the remainder when 2107 is divided by 232.
19
Calculate the remainder when 56 is divided by 4.
0
Calculate the remainder when 85 is divided by 35.
15
Calculate the remainder when 169 is divided by 10.
9
Calculate the remainder when 158 is divided by 54.
50
Calculate the remainder when 193 is divided by 13.
11
Calculate the remainder when 552 is divided by 94.
82
Calculate the remainder when 694 is divided by 17.
14
What is the remainder when 338 is divided by 10?
8
Calculate the remainder when 36 is divided by 18.
0
What is the remainder when 192 is divided by 20?
12
What is the remainder when 257 is divided by 43?
42
Calculate the remainder when 541 is divided by 278.
263
What is the remainder when 68 is divided by 26?
16
What is the remainder when 131 is divided by 26?
1
Calculate the remainder when 13126 is divided by 4374.
4
What is the remainder when 17107 is divided by 145?
142
Calculate the remainder when 1161 is divided by 97.
94
What is the remainder when 663 is divided by 163?
11
Calculate the remainder when 206 is divided by 12.
2
What is the remainder when 1147 is divided by 220?
47
What is the remainder when 359 is divided by 10?
9
Calculate the remainder when 455 is divided by 38.
37
What is the remainder when 98 is divided by 17?
13
Calculate the remainder when 642 is divided by 161.
159
What is the remainder when 23 is divided by 19?
4
Calculate the remainder when 543 is divided by 93.
78
Calculate the remainder when 689 is divided by 12.
5
What is the remainder when 208 is divided by 14?
12
Calculate the remainder when 100 is divided by 58.
42
Calculate the remainder when 693 is divided by 58.
55
Calculate the remainder when 228 is divided by 20.
8
Calculate the remainder when 88 is divided by 50.
38
What is the remainder when 10177 is divided by 27?
25
What is the remainder when 300 is divided by 76?
72
What is the remainder when 26 is divided by 19?
7
What is the remainder when 669 is divided by 28?
25
What is the remainder when 965 is divided by 21?
20
What is the remainder when 758 is divided by 197?
167
Calculate the remainder when 122 is divided by 18.
14
What is the remainder when 54 is divided by 17?
3
Calculate the remainder when 922 is divided by 25.
22
Calculate the remainder when 89 is divided by 6.
5
What is the remainder when 275 is divided by 15?
5
Calculate the remainder when 15 is divided by 9.
6
What is the remainder when 225 is divided by 10?
5
Calculate the remainder when 2104 is divided by 81.
79
What is the remainder when 2706 is divided by 63?
60
Calculate the remainder when 148 is divided by 30.
28
What is the remainder when 473 is divided by 79?
78
What is the remainder when 336 is divided by 50?
36
Calculate the remainder when 263 is divided by 5.
3
What is the remainder when 313 is divided by 57?
28
What is the remainder when 88 is divided by 31?
26
What is the remainder when 56 is divided by 15?
11
What is the remainder when 3703 is divided by 248?
231
What is the remainder when 39 is divided by 11?
6
Calculate the remainder when 1034 is divided by 22.
0
Calculate the remainder when 4044 is divided by 176.
172
Calculate the remainder when 396 is divided by 34.
22
What is the remainder when 5949 is divided by 93?
90
What is the remainder when 5011 is divided by 22?
17
Calculate the remainder when 41 is divided by 10.
1
What is the remainder when 226 is divided by 57?
55
What is the remainder when 251 is divided by 3?
2
Calculate the remainder when 241 is divided by 26.
7
What is the remainder when 352 is divided by 84?
16
Calculate the remainder when 1821 is divided by 48.
45
What is the remainder when 459 is divided by 42?
39
What is the remainder when 670 is divided by 76?
62
What is the remainder when 78 is divided by 6?
0
Calculate the remainder when 234 is divided by 67.
33
Calculate the remainder when 457 is divided by 27.
25
Calculate the remainder when 789 is divided by 44.
41
Calculate the remainder when 202 is divided by 91.
20
Calculate the remainder when 363 is divided by 16.
11
What is the remainder when 192 is divided by 36?
12
Calculate the remainder when 1059 is divided by 121.
91
Calculate the remainder when 264 is divided by 119.
26
Calculate the remainder when 108 is divided by 58.
50
Calculate the remainder when 382 is divided by 30.
22
Calculate the remainder when 15455 is divided by 41.
39
Calculate the remainder when 50 is divided by 20.
10
Calculate the remainder when 277 is divided by 58.
45
Calculate the remainder when 676 is divided by 85.
81
What is the remainder when 840 is divided by 53?
45
Calculate the remainder when 149 is divided by 41.
26
Calculate the remainder when 893 is divided by 297.
2
Calculate the remainder when 438 is divided by 33.
9
Calculate the remainder when 1365 is divided by 41.
12
Calculate the remainder when 203 is divided by 23.
19
Calculate the remainder when 5990 is divided by 1996.
2
What is the remainder when 34 is divided by 32?
2
Calculate the remainder when 777 is divided by 23.
18
What is the remainder when 1768 is divided by 15?
13
Calculate the remainder when 193 is divided by 28.
25
Calculate the remainder when 229 is divided by 68.
25
Calculate the remainder when 39 is divided by 3.
0
Calculate the remainder when 155 is divided by 21.
8
What is the remainder when 8277 is divided by 230?
227
Calculate the remainder when 726 is divided by 61.
55
Calculate the remainder when 468 is divided by 232.
4
Calculate the remainder when 76 is divided by 22.
10
Calculate the remainder when 76 is divided by 6.
4
Calculate the remainder when 307 is divided by 78.
73
Calculate the remainder when 301 is divided by 268.
33
Calculate the remainder when 1745 is divided by 23.
20
Calculate the remainder when 2069 is divided by 15.
14
What is the remainder when 299 is divided by 30?
29
What is the remainder when 38 is divided by 10?
8
Calculate the remainder when 28598 is divided by 21.
17
Calculate the remainder when 578 is divided by 286.
6
Calculate the remainder when 3280 is divided by 1063.
91
Calculate the remainder when 2782 is divided by 150.
82
What is the remainder when 252 is divided by 123?
6
What is the remainder when 79 is divided by 70?
9
Calculate the remainder when 2778 is divided by 107.
103
What is the remainder when 236 is divided by 80?
76
Calculate the remainder when 55 is divided by 4.
3
What is the remainder when 657 is divided by 20?
17
Calculate the remainder when 249 is divided by 14.
11
Calculate the remainder when 924 is divided by 895.
29
What is the remainder when 341 is divided by 89?
74
Calculate the remainder when 1993 is divided by 331.
7
Calculate the remainder when 61 is divided by 4.
1
Calculate the remainder when 597 is divided by 30.
27
Calculate the remainder when 195 is divided by 102.
93
What is the remainder when 700 is divided by 138?
10
Calculate the remainder when 237 is divided by 28.
13
What is the remainder when 261 is divided by 30?
21
Calculate the remainder when 1623 is divided by 171.
84
Calculate the remainder when 3057 is divided by 145.
12
Calculate the remainder when 36 is divided by 36.
0
Calculate the remainder when 603 is divided by 286.
31
Calculate the remainder when 25 is divided by 1.
0
What is the remainder when 62 is divided by 7?
6
Calculate the remainder when 185 is divided by 104.
81
What is the remainder when 28 is divided by 17?
11
What is the remainder when 557 is divided by 43?
41
What is the remainder when 2891 is divided by 1430?
31
What is the remainder when 771 is divided by 56?
43
What is the remainder when 54 is divided by 5?
4
What is the remainder when 178 is divided by 30?
28
What is the remainder when 1116 is divided by 295?
231
Calculate the remainder when 77 is divided by 41.
36
Calculate the remainder when 48